 - k(z). Suppose 7 = 5*y - 3. Let h be y/(-5) + 28/20. Calculate u(h).
7
Let l(h) = -25 + 5 + 5*h + 1 + 8 - h**3 + 15. Determine l(-3).
16
Let y(u) be the third derivative of u**5/60 + 3*u**4/4 + 11*u**3/6 + 72*u**2 - u. Give y(-7).
-66
Let j(q) = -2*q + 24. Let x be j(11). Suppose -5*y + 2*o - x = -6*y, y = -5*o - 13. Let h(t) = 2*t - 15. Give h(y).
9
Suppose 69*c + 422 = 1250. Let y(i) = -15 + c*i**2 - 8*i**2 + 35 - 19 - 2*i. Let j = -1 - -2. What is y(j)?
3
Let v(p) = 64*p + 2158 - 2163 - 59*p. Calculate v(-4).
-25
Let i(b) be the second derivative of 1/2*b**2 + 7/3*b**3 + 0 - 99*b. Determine i(1).
15
Suppose 9 = -10*h + 13*h. Let q(k) = 3*k**2 + 13*k - 2*k**2 - h - 17*k. Let b be 2/(-12) - (-66)/(-36). Give q(b).
9
Let l(a) = -12*a + 19. Let x be (-2)/13 + (-120)/(-780) - 4. What is l(x)?
67
Let q(c) be the first derivative of -c**2 + 1/3*c**3 + c - 9/2*c**4 - 5. What is q(1)?
-18
Suppose 114 = -h + 179. Let c(n) = -72*n - h*n + 4 - 71*n + 207*n. Calculate c(2).
2
Let d(g) = -6*g**2 + g - 2. Let i = 3942 + -3945. Calculate d(i).
-59
Let x(f) = 8*f**2 + 403*f - 816. Let p be x(2). Let l(d) = -8*d + 121. Give l(p).
-55
Let z(c) = 2*c - 55. Let m be -10*(10/3)/(232/(-174)). What is z(m)?
-5
Let p(u) = -442*u + 134. Let b(j) = 87*j + 1. Let d(w) = -5*b(w) - p(w). Give d(15).
-34
Let d = 2 - -1. Let i(y) = y**2 + 2*y**3 + 2*y - d*y - y + 2. Let m(p) = -75*p**2 + 1504*p - 78. Let g be m(20). Determine i(g).
18
Let x(n) = n**2 + 29*n - 72. Let w(o) = -2*o**2 + 2*o - 4. Let k(i) = w(i) + x(i). Give k(29).
-18
Suppose 2 = -c + 7. Let w be (30/(-8))/((-21)/28). Suppose 0 = -w*b - c - 10. Let z(p) = -p**3 - 3*p**2 + p + 1. Calculate z(b).
-2
Let u(x) be the second derivative of 3*x**5/10 + x**4/12 + 11*x**3/6 + 11*x**2/2 - 1665*x + 2. Calculate u(-1).
-5
Let w(j) = -849*j + 11*j**2 + 843*j + 74*j**3 - 75*j**3 - 31. Calculate w(10).
9
Let a(y) = 23*y - 20. Suppose -4*c = -21*b + 24*b + 5, 4*c = -b - 7. What is a(b)?
3
Let y(z) be the second derivative of -z**4/12 + 5*z**3/6 - 3*z**2 - 4*z. Let q(k) = k**3 + 5*k**2 - 15*k - 48. Let x be q(-6). Calculate y(x).
-12
Let n(o) be the third derivative of o**5/4 - 17*o**4/12 + 5*o**3/6 + 377*o**2 + 3*o. What is n(2)?
-3
Let y = 95 - 86. Let l(z) = 17*z + 1 - 36*z + 12*z + y*z. What is l(5)?
11
Let o(t) = 20701*t + t**2 - 119 - 41408*t + 20698*t. Give o(16).
-7
Let a = -7436 - -7432. Let h(j) = 3*j - 5. Calculate h(a).
-17
Let z = 1476 - 1472. Let i(b) = -2*b**3 + 4*b**2 + b + 3. Give i(z).
-57
Let n be (-12)/(-2)*7/21. Let a = n + -7. Let y(u) be the third derivative of u**6/120 + u**5/15 - u**4/6 + 2*u**3/3 + 91*u**2. Give y(a).
-1
Let g(d) = 2*d**2. Let v(m) = -20*m**3 + 4*m**2 - 1. Let z(s) = g(s) - v(s). Determine z(1).
19
Suppose -10*a + 172*a + 324 = 0. Let h(q) = -6*q + 25. Give h(a).
37
Let g(n) = n**2 - 15*n + 74. Let s(v) = -3*v + 3. Let c(z) = -g(z) + 10*s(z). Determine c(-8).
12
Let j = 8174 + -8178. Let c(r) be the second derivative of 7*r**3/6 - r. Determine c(j).
-28
Let s(y) be the second derivative of 1/2*y**3 - y - 1/6*y**4 + 17 - 3/2*y**2. Let h = 5 + -3. Calculate s(h).
-5
Let z(b) = -22622*b - 5 - 12 + 22620*b. Let k(d) = -2*d - 8. Let m be k(0). Determine z(m).
-1
Let c be (3/((-60)/104))/(8/(-20)). Suppose -5*b + v - 13 = 0, -2*b = -4*b + 3*v - c. Let i(x) = -x**3 - x - 4. What is i(b)?
6
Let v(c) = 31*c + 1698. Let f be v(-55). Let w(a) = 6*a + 28. Determine w(f).
-14
Let j(p) = -2*p + 11. Let q = 6349 + -6337. What is j(q)?
-13
Let z(a) be the first derivative of a**4/4 - 4*a**3/3 - 3*a**2/2 - 6*a - 31. Let k(d) = d**2 + 10*d + 29. Let j be k(-4). Calculate z(j).
4
Let p(a) = a**2 - 9*a + 1. Suppose 4*w + 4 = -j, w = -21*j + 20*j + 5. Calculate p(j).
-7
Let h = -40 + 50. Suppose 4 = 7*k - h. Let o(a) = 1 + 10*a + 9*a - 21*a - a**k. Determine o(1).
-2
Let s = 6 + -2. Let u(b) = 17*b - 2. Let x(f) = 11*f - 1. Let j(z) = 5*u(z) - 8*x(z). Let v(g) = -3*g - 1. Let a(k) = 2*j(k) - 3*v(k). Determine a(s).
11
Let s(z) = -z - 4. Let w be s(-3). Let f be (96/288)/(0 + (-1)/(-75)). Let h(t) = 34 + f - 59 - 4*t**2 + t. What is h(w)?
-5
Let t be (2/5)/(24/(-240)). Let z(h) be the second derivative of -h**3/3 - h**2 + 5*h. Let v(c) = -3*c - 3. Let p(m) = t*z(m) + 3*v(m). What is p(-8)?
7
Let f(o) = o**3 - 4*o**2 + 11*o - 134. Let h be f(6). Let s(b) = -b**3 + 2*b**2 + 2*b + 6. Determine s(h).
-18
Suppose 34*s - 16 = 4*n + 33*s, 2*s = 4*n + 16. Let v(a) = -18*a + 27. Determine v(n).
99
Let q(c) be the second derivative of c**5/20 + c**4/2 - 5*c**3/3 - 8*c**2 - 711*c. Determine q(-7).
5
Let u be (5 - 1/1)/(-2). Let l(f) = 2*f**3 - 3*f**2 - 33*f + 4. Let w(a) = a**3 - 3*a**2 - 27*a + 3. Let i(p) = -4*l(p) + 5*w(p). Calculate i(u).
17
Let j(d) = -d**2 + 1. Let w = 57 + -53. Suppose -w*l = 3*l - 63. Suppose 3*f + l = 3*m, -2*m + 21 = 4*f - 9*f. Determine j(m).
-3
Let r(o) = o**3 - 3 - 4*o**3 + 4*o**3 - 3*o**2. Let l = 88 + -341. Let s = -250 - l. Calculate r(s).
-3
Let i = -12 + 18. Let q be 34/i - 3/(-9). Let b(h) be the first derivative of -h**3/3 + 3*h**2/2 + 5*h - 9. What is b(q)?
-13
Let c(x) = -124 - 12 - 60 - 7 - 26*x. What is c(-8)?
5
Let f(x) = -x**2 + 3*x - 3. Let t = -10089 - -10093. Give f(t).
-7
Let a(t) = -14*t**3 - t**2 + t + 1. Suppose 287*j - 284*j = 3. Let x be 59 + -56 - j/(1/4). Calculate a(x).
13
Suppose 5*x = 3*w + 21 + 5, -4*w - 4 = x. Let d be (0 + w/3)/(2/3). Let b(a) = -132*a + 50*a + 50*a + 52*a. Determine b(d).
-20
Suppose -4*w - 4*z + 9 = -3*w, 0 = 2*w - 3*z + 15. Let q = -2 - -8. Let f(x) = -4 - q*x**2 + 10*x**2 - 3*x**2. What is f(w)?
5
Let s(d) = -2*d - 5. Let o(h) = 2*h**3 + 27*h**2 - 160. Let u be o(-13). Give s(u).
-23
Let y(q) = 7*q + 43. Let n(r) = -2*r - 12. Let m(h) = 2*n(h) + y(h). Calculate m(0).
19
Let a be (20/(-6))/((-12)/(-54)). Let o(l) be the third derivative of l**5/60 + 5*l**4/8 - l**3/2 - 171*l**2 + 12. What is o(a)?
-3
Let q(k) be the third derivative of 7*k**5/60 + 5*k**4/12 + 3*k**3/2 + 1146*k**2. Calculate q(-1).
6
Let s(l) be the second derivative of -35*l - 3/2*l**2 - 1/3*l**3 + 0. What is s(-7)?
11
Let g = -1550 + 1550. Let r(m) = -2*m**3 - 3 + 32*m**2 + m**3 + 0*m + m - 31*m**2. What is r(g)?
-3
Let v(h) = -8*h + 4. Let m be 36 + (30/(-75) - (-34)/10). Suppose -5*u + m = -4*t + 22, 3*t + 4*u = 26. What is v(t)?
-12
Let b(n) = -651 - 10*n + 375 + 282 + n**2. Give b(10).
6
Let m(g) = -9*g**2 - 4*g + 8. Let z(u) = 11*u**2 + 7*u - 7. Let x(c) = -6*m(c) - 5*z(c). Calculate x(-12).
-25
Let v(l) = l + 5. Let g be v(-4). Suppose -12 = 30*r - 32*r. Let c(k) = -27*k - 2. Let d(h) = -13*h - 1. Let a(f) = r*c(f) - 13*d(f). Calculate a(g).
8
Let c(n) = n**3 + 2*n + 1. Let z = 608 + -609. Let h be (-1)/(-5) + 144/(-45). Let t = h - z. Give c(t).
-11
Let v be (1/(-2))/(18/(-4) - -5). Let t(f) be the second derivative of -1/2*f**2 + 0*f**3 + 1/2*f**4 - 13*f + 0. What is t(v)?
5
Let p(t) = 239*t + 109 + 12 - 254*t. Calculate p(8).
1
Let h(j) be the first derivative of 19*j**2/2 - 22*j + 23. Determine h(6).
92
Let i = 60 - 71. Let f = -10 - i. Let d(w) be the first derivative of 13*w**2/2 + w + 9. Give d(f).
14
Let n(b) be the first derivative of 13*b**2/2 - 85*b - 1891. Give n(6).
-7
Suppose 4*k + 4 = 0, -6*r + 2*r - k + 455 = 0. Let z(u) = -61*u - 58*u - 3 - 13 + r*u. Give z(-4).
4
Let m(a) = -7*a**3 - 2*a**2 - 9*a - 8. Let c = -7094 - -7093. Give m(c).
6
Let g(l) be the second derivative of -l**8/6720 - l**7/360 + l**5/30 + l**4/12 + 21*l**2/2 - 31*l. Let q(u) be the third derivative of g(u). What is q(-7)?
4
Let m(y) = -y**3 + 4*y**2 + 8*y - 1. Let s(p) = -p**3 - p**2 - 3*p - 2. Let w(r) = m(r) + 2*s(r). Calculate w(2).
-17
Let m(k) be the first derivative of k**4/4 + k**3 - 5*k**2/2 - 4*k - 1. Suppose 3*n = -2*n - 3*z - 8, 4*n = -13*z + 36. Determine m(n).
0
Suppose -5*t + 9 = 294. Let n = -59 - t. Let u be (n/6)/(4/(-12)). Let y(g) = -8*g**3 + g**2 - g. What is y(u)?
-8
Let f(r) = -16 - 730*r**3 - 4*r**2 + 2198*r**3 - 735*r**3 - 731*r**3 + 11*r. Calculate f(2).
6
Let a = 2 + -2. Suppose 11*y = 10*y + 5. Let b(l) = -5*l**2 - 11*l - 59. Let g(h) = 3*h**2 + 7*h + 39. Let q(n) = y*b(n) + 8*g(n). Calculate q(a).
17
Let n(p) = -3*p**3 + 9*p**2 + 13*p + 53. Let f(o) = 2*o**3 - 6*o**2 - 9*o - 35. Let z(j) = 7*f(j) + 5*n(j). Give z(5).
-20
Suppose -2*w + 2*g - 1